 Let q(k) = k**3 - 3*k**2 - 8*k - 20. Let z(n) = -5*m(n) + q(n). Let v be z(10). Calculate the highest common divisor of 9 and v.
1
Let t = 1053 + -1042. What is the highest common divisor of 9647 and t?
11
Let p(t) be the third derivative of t**5/30 + 5*t**4/8 - 5*t**3/3 - 2*t**2 + 7*t. Let d be p(-13). Calculate the greatest common factor of d and 19.
19
Let u(f) = f**2 - 788*f + 137451. Let j be u(260). Let y be (-2)/(-6) - 80/(-3). Calculate the highest common factor of y and j.
9
Let o(t) = -t + 7. Let z be o(0). Let n be (-4387)/19 - (-42)/(-399). Let x be n/2*(-46)/69. What is the greatest common divisor of x and z?
7
Suppose -13*s + 7320 = 885. Calculate the greatest common factor of s and 2277.
99
Let y be (2/4)/(2/560). Let f(u) = u**2 + 3*u + 2. Suppose 0*p + 8*p = -48. Let b be f(p). What is the highest common divisor of y and b?
20
Let u = -10884 - -41943. Calculate the highest common divisor of 51 and u.
51
Suppose -258*o + 228*o = -660. Calculate the greatest common divisor of 352 and o.
22
Let k = 6883 + -6085. What is the greatest common factor of 1862 and k?
266
Suppose 0 = 12*q + 12 + 60. Let c(a) = -3*a**2 + a - 2. Let g be c(2). Let v be q*1*18/g. Calculate the greatest common factor of v and 6.
3
Let l be (-3)/(-2) - (-36639)/(-54). Let y = l - -704. Calculate the greatest common divisor of y and 45.
9
Let m(g) = 2*g**2 - 27*g + 42. Suppose -5*z + 79 = -31. Let h be m(z). Calculate the greatest common divisor of 52 and h.
52
Let y be -1 + (-10)/(30/(-9)). Suppose 3 = -2*b - z + 16, -y*b + 8 = -4*z. Calculate the highest common factor of 16 and b.
2
Suppose -1821*n + 1811*n = -8560. What is the highest common divisor of n and 24?
8
Let b be (2/(-3))/(2/(-411)) - 4. Let r = b + -76. Let q be -2*1 + r + 22. What is the highest common factor of q and 22?
11
Let f = 2928 + -2925. Suppose q = -5*r + 379, -5*r + 135 = -3*q - 228. What is the greatest common factor of f and r?
3
Suppose -4*j - 5*y + 215 = j, 0 = 2*j - y - 74. Calculate the greatest common factor of 2 and j.
1
Suppose 199 = 5*k - 0*k + 4*f, -f = -4*k + 176. Let l = k + 56. Calculate the highest common divisor of 22 and l.
11
Let k(v) = 30*v**3 + v**2 + v. Let d = -158 + 159. Let b be k(d). Calculate the greatest common factor of b and 28.
4
Let f be (-1)/(1350/(-1344) - -1). Suppose -4*w - n = -3*n - f, w - 2*n - 53 = 0. Calculate the greatest common divisor of w and 152.
19
Let b be 1838 - 200 - (8/1 - 1). What is the highest common divisor of b and 7?
7
Let d be -15*(817/(-5) + -4). What is the highest common factor of 1023 and d?
93
Let h = -1294 - -1446. Calculate the greatest common factor of h and 190.
38
Let f = -207 - -208. Let v be (2/(10/225))/f. Calculate the highest common factor of 27 and v.
9
Let a(o) = -2*o**2 + 39*o + 216. Let y be a(21). What is the greatest common factor of 17 and y?
17
Suppose 16*s - 46 + 14 = 0. Suppose 520 = s*i + 11*i. Calculate the greatest common factor of 24 and i.
8
Suppose -2*m + 10 = 4, -4*q = m - 11. Let l(v) = 35*v + q*v**2 - 20*v + 17 + 15*v. Let g be l(-15). Calculate the highest common divisor of g and 51.
17
Let q = 431 - 431. Suppose -2*r - 6 = q, 11*w + 4*r = 14*w - 15. Let u = 4 - 3. What is the greatest common divisor of u and w?
1
Suppose 0 = -4*u - m + 1589, -3 = -3*m + 12. Calculate the highest common factor of u and 4851.
99
Let q = -1515 - -2206. Let a = -606 + q. Let m(o) = -o**3 - 3*o**2 + 8*o + 7. Let s be m(-5). Calculate the highest common divisor of s and a.
17
Let g be ((-1)/(-2))/(11/(-22)). Let a be g/3*(-54 - -9). What is the highest common divisor of a and 645?
15
Suppose 1310 = 17*a - 4844. Suppose -2*m = 2*y - 178, 4*y + m + m - a = 0. What is the highest common divisor of 4 and y?
4
Let v(w) = -w**2 - 64*w + 433. Let i be v(6). What is the greatest common divisor of 1963 and i?
13
Let j(i) be the first derivative of -8*i**3/3 + 18*i**2 + i - 4. Let l be j(2). What is the highest common divisor of 697 and l?
41
Suppose 3*i + 4*i + 14 = 0. Let l be i/(-3) + -3 + (-25)/(-3). What is the highest common factor of 210 and l?
6
Let d(q) = -q**2 + 7*q - 6. Let f be d(6). Suppose -5 = -f*v - 5*v. Let c be (222/(-24) - -1)/((72/32)/(-3)). Calculate the greatest common factor of v and c.
1
Let z be 4 - (7 + -1 + 0) - -6. Let j(w) = -w**2 + 4*w + 12. Let c be j(z). Calculate the highest common factor of c and 60.
12
Suppose -3*r + 125 = 2*r. Suppose 428*k - 11370 = 298*k - 3570. Calculate the highest common divisor of k and r.
5
Let j(x) = -8417*x - 75751. Let w be j(-9). Let r(d) = -d**3 - 5*d**2 - d + 3. Let q be r(-5). What is the greatest common factor of w and q?
2
Suppose -45*l + 47*l - 284 = 0. Suppose 0 = -12*w + 5950 - l. Suppose -32*g = -28*g - w. What is the highest common factor of 11 and g?
11
Suppose -408*t + 3751 + 25625 = 0. Calculate the highest common divisor of t and 13032.
72
Let k(s) = -192*s + 980. Let j be k(0). What is the greatest common factor of 540 and j?
20
Suppose -2*n + 24 = q, n + 531 = 2*q + 508. Calculate the highest common factor of q and 11578.
14
Suppose 6 = c + c. Let j be (-2 + c)/(1/11). Let n = 32927 + -32839. What is the highest common factor of j and n?
11
Let w(x) = 207*x - 6827. Let s be w(33). Let c(q) = 6*q**2 + 2*q - 2. Let j be c(-3). Suppose -j = -5*r + 134. Calculate the highest common factor of s and r.
4
Let b = -9665 + 11440. Calculate the highest common divisor of 15 and b.
5
Let i be (-557 + 2)*820/(-30). Calculate the highest common divisor of 82 and i.
82
Let k = 8002 + -6931. What is the greatest common divisor of k and 252?
63
Suppose -8*a - 18*a - 624 = 0. Let p be (-48)/(0 + 3 + -2). Let f = a - p. Calculate the greatest common divisor of f and 60.
12
Let u = 833 - 455. Suppose -13*t + u = -4*t. What is the highest common divisor of 147 and t?
21
Suppose 0 = 7*m + 20*m - 135. Let p be (-110)/11*(-2)/m. Let n be ((-36)/14)/(2/(-28)). What is the highest common divisor of p and n?
4
Let d be ((-8 - -6138) + 0 - 10)/1. What is the greatest common divisor of d and 225?
45
Let b be 13/((-3)/6 - (-98)/140). Let a be 10/(5*(-8)/(-20)). What is the greatest common factor of a and b?
5
Suppose 3*b - 2*b = 3*a - 10, -2*b = 2*a - 12. Let l = -234 + 334. Suppose -b*i + 8 + l = 0. What is the highest common divisor of 135 and i?
27
Suppose -329 = -o - v, -72 = -3*o - v + 901. Calculate the greatest common factor of o and 3726.
46
Let r be ((-9)/12 + (-2276)/(-48))*3. Suppose 42 = k - 0*n + 2*n, -r = -3*k + n. Suppose 0 = 2*c - 1173 + 437. What is the greatest common divisor of k and c?
46
Suppose -125*b + 137 + 18 - 30 = 0. What is the highest common divisor of b and 269?
1
Let k(b) = -2*b**3 - b**2 - 8*b + 891. Let w be k(0). Calculate the highest common divisor of 132 and w.
33
Let z(x) = -173*x - 763. Let p be z(-32). Calculate the greatest common divisor of p and 111.
111
Suppose -17*f + 6170 = -188. Suppose -8*d = 3*d - f. Calculate the greatest common factor of 4 and d.
2
Suppose -4*p = 21*p - 6500. Suppose 4290 = 26*r - p. What is the greatest common factor of 7 and r?
7
Let c = -59 + 56. Let y = 52 - c. Suppose 3*m = -4*a + 33, -4*m = 3*a - 25 - 19. What is the highest common factor of m and y?
11
Let h(r) be the first derivative of -r**3/3 - 4*r**2 - 13*r - 9. Let s be h(-7). Let i = s - -34. Calculate the greatest common divisor of 56 and i.
28
Let k(o) = -o**3 + 9*o**2 - 7*o + 20. Let s be k(8). Suppose 0 = -x - q + 10, -5*x = 3*q - 1 - 45. Calculate the highest common factor of x and s.
4
Suppose 1845*j - 3*w + 57 = 1850*j, 0 = w + 1. What is the greatest common divisor of 27708 and j?
12
Let k = 119 + -107. Let s be 42/k - (-4)/(-16)*6. Suppose 4*r + 2 = g, 4*g - 38 = 3*g - 5*r. What is the highest common divisor of s and g?
2
Suppose 18 + 38 = 4*b. Let n(h) = -627 + 910 - 49*h - 624. Let r be n(-7). Calculate the highest common divisor of b and r.
2
Let u be (-3)/11 - 1696/(-88). Calculate the highest common divisor of 9139 and u.
19
Let n = -6934 + 7150. What is the greatest common divisor of 738 and n?
18
Let w be 30/6 - 5 - -4. Suppose 3*r = -w*z + 139 + 51, r = 2. Calculate the greatest common divisor of 230 and z.
46
Let q be ((-63)/(-6))/(-3)*-2. Suppose 19*y + q = 672. Suppose 369 = 4*t - 51. What is the greatest common divisor o